{"id":58,"date":"2020-03-17T07:02:46","date_gmt":"2020-03-17T07:02:46","guid":{"rendered":"https:\/\/blogit.lab.fi\/design\/?page_id=58"},"modified":"2020-03-20T08:23:43","modified_gmt":"2020-03-20T08:23:43","slug":"editorial-board","status":"publish","type":"page","link":"https:\/\/blogit.lab.fi\/design\/en\/editorial-board\/","title":{"rendered":"Editorial board"},"content":{"rendered":"\n<p> Editorial board of design -blog: <\/p>\n\n\n\n<ul class=\"wp-block-list\"><li>Kristiina Soini-Salomaa,  RDI Director  (Editor in Chief)<\/li><li>Mirja K\u00e4lvi\u00e4inen,  Principal Lecturer <\/li><li>Kati Kumpulainen,  RDI Specialist<\/li><li>Harri Heikkil\u00e4,  Principal Lecturer <\/li><li>Anniina Harjap\u00e4\u00e4,  Project Coordinator<\/li><\/ul>\n","protected":false},"excerpt":{"rendered":"<p>Editorial board of design -blog: Kristiina Soini-Salomaa, RDI Director (Editor in Chief) Mirja K\u00e4lvi\u00e4inen, Principal Lecturer Kati Kumpulainen, RDI Specialist Harri Heikkil\u00e4, Principal Lecturer Anniina Harjap\u00e4\u00e4, Project Coordinator<\/p>\n","protected":false},"author":9,"featured_media":0,"parent":0,"menu_order":0,"comment_status":"closed","ping_status":"closed","template":"","meta":{"footnotes":""},"class_list":["post-58","page","type-page","status-publish","czr-hentry"],"_links":{"self":[{"href":"https:\/\/blogit.lab.fi\/design\/wp-json\/wp\/v2\/pages\/58","targetHints":{"allow":["GET"]}}],"collection":[{"href":"https:\/\/blogit.lab.fi\/design\/wp-json\/wp\/v2\/pages"}],"about":[{"href":"https:\/\/blogit.lab.fi\/design\/wp-json\/wp\/v2\/types\/page"}],"author":[{"embeddable":true,"href":"https:\/\/blogit.lab.fi\/design\/wp-json\/wp\/v2\/users\/9"}],"replies":[{"embeddable":true,"href":"https:\/\/blogit.lab.fi\/design\/wp-json\/wp\/v2\/comments?post=58"}],"version-history":[{"count":2,"href":"https:\/\/blogit.lab.fi\/design\/wp-json\/wp\/v2\/pages\/58\/revisions"}],"predecessor-version":[{"id":108,"href":"https:\/\/blogit.lab.fi\/design\/wp-json\/wp\/v2\/pages\/58\/revisions\/108"}],"wp:attachment":[{"href":"https:\/\/blogit.lab.fi\/design\/wp-json\/wp\/v2\/media?parent=58"}],"curies":[{"name":"wp","href":"https:\/\/api.w.org\/{rel}","templated":true}]}}