{"version":"1.0","provider_name":"LAB Focus","provider_url":"https:\/\/blogit.lab.fi\/labfocus","author_name":"tainask","author_url":"https:\/\/blogit.lab.fi\/labfocus\/author\/tainask\/","title":"Irlantilaiset opiskelijat lujilla koronapandemian takia - LAB Focus","type":"rich","width":600,"height":338,"html":"<blockquote class=\"wp-embedded-content\" data-secret=\"9Dnbp3Xw6I\"><a href=\"https:\/\/blogit.lab.fi\/labfocus\/irlantilaiset-opiskelijat-lujilla-koronapandemian-takia\/\">Irlantilaiset opiskelijat lujilla koronapandemian takia<\/a><\/blockquote><iframe sandbox=\"allow-scripts\" security=\"restricted\" src=\"https:\/\/blogit.lab.fi\/labfocus\/irlantilaiset-opiskelijat-lujilla-koronapandemian-takia\/embed\/#?secret=9Dnbp3Xw6I\" width=\"600\" height=\"338\" title=\"&#8221;Irlantilaiset opiskelijat lujilla koronapandemian takia&#8221; &#8212; LAB Focus\" data-secret=\"9Dnbp3Xw6I\" frameborder=\"0\" marginwidth=\"0\" marginheight=\"0\" scrolling=\"no\" class=\"wp-embedded-content\"><\/iframe><script>\n\/*! This file is auto-generated *\/\n!function(d,l){\"use strict\";l.querySelector&&d.addEventListener&&\"undefined\"!=typeof URL&&(d.wp=d.wp||{},d.wp.receiveEmbedMessage||(d.wp.receiveEmbedMessage=function(e){var t=e.data;if((t||t.secret||t.message||t.value)&&!\/[^a-zA-Z0-9]\/.test(t.secret)){for(var s,r,n,a=l.querySelectorAll('iframe[data-secret=\"'+t.secret+'\"]'),o=l.querySelectorAll('blockquote[data-secret=\"'+t.secret+'\"]'),c=new RegExp(\"^https?:$\",\"i\"),i=0;i<o.length;i++)o[i].style.display=\"none\";for(i=0;i<a.length;i++)s=a[i],e.source===s.contentWindow&&(s.removeAttribute(\"style\"),\"height\"===t.message?(1e3<(r=parseInt(t.value,10))?r=1e3:~~r<200&&(r=200),s.height=r):\"link\"===t.message&&(r=new URL(s.getAttribute(\"src\")),n=new URL(t.value),c.test(n.protocol))&&n.host===r.host&&l.activeElement===s&&(d.top.location.href=t.value))}},d.addEventListener(\"message\",d.wp.receiveEmbedMessage,!1),l.addEventListener(\"DOMContentLoaded\",function(){for(var e,t,s=l.querySelectorAll(\"iframe.wp-embedded-content\"),r=0;r<s.length;r++)(t=(e=s[r]).getAttribute(\"data-secret\"))||(t=Math.random().toString(36).substring(2,12),e.src+=\"#?secret=\"+t,e.setAttribute(\"data-secret\",t)),e.contentWindow.postMessage({message:\"ready\",secret:t},\"*\")},!1)))}(window,document);\n\/\/# sourceURL=https:\/\/blogit.lab.fi\/labfocus\/wp-includes\/js\/wp-embed.min.js\n<\/script>\n","thumbnail_url":"https:\/\/blogit.lab.fi\/labfocus\/wp-content\/uploads\/sites\/8\/2021\/05\/211_2021_Kv-opinnaytetyo-irlantilaiset-lujilla_1.jpg","thumbnail_width":1920,"thumbnail_height":1280,"description":"Koronapandemia on vaikuttanut merkitt\u00e4v\u00e4sti nuorten el\u00e4m\u00e4\u00e4n ymp\u00e4ri maailmaa. Covid-19-pandemian torjuminen on edellytt\u00e4nyt laajamittaista fyysist\u00e4 erist\u00e4mist\u00e4, kuten koulujen sulkemista, sosiaalisia et\u00e4isyyksi\u00e4 ja karanteeneja kotona. Media ja ajankohtaiset selvitykset sek\u00e4 tutkimukset nostavat keskusteluun huolta opiskelijoiden mielenterveydest\u00e4 ja et\u00e4opiskelun vaikutuksista. Koulujen sulkeminen ja sosiaalinen et\u00e4isyys aiheuttavat yksin\u00e4isyyden tunteita nuorilla. Joka kolmas teini-ik\u00e4inen ja l\u00e4hes puolet 18\u201324-vuotiaista kokee suurta [&hellip;]"}

Koronapandemia on vaikuttanut merkittävästi nuorten elämään ympäri maailmaa. Covid-19-pandemian torjuminen on edellyttänyt laajamittaista fyysistä eristämistä, kuten koulujen sulkemista, sosiaalisia etäisyyksiä ja karanteeneja kotona. Media ja ajankohtaiset selvitykset sekä tutkimukset nostavat keskusteluun huolta opiskelijoiden mielenterveydestä ja etäopiskelun vaikutuksista. Koulujen sulkeminen ja sosiaalinen etäisyys aiheuttavat yksinäisyyden tunteita nuorilla. Joka kolmas teini-ikäinen ja lähes puolet 18–24-vuotiaista kokee suurta [&hellip;]
