{"id":9479,"date":"2022-08-18T10:27:18","date_gmt":"2022-08-18T07:27:18","guid":{"rendered":"https:\/\/blogit.lab.fi\/labfocus\/?page_id=9479"},"modified":"2024-08-29T10:01:20","modified_gmt":"2024-08-29T07:01:20","slug":"saavutettavuus","status":"publish","type":"page","link":"https:\/\/blogit.lab.fi\/labfocus\/saavutettavuus\/","title":{"rendered":"Saavutettavuus"},"content":{"rendered":"\n<p>Saavutettavuus&nbsp;tarkoittaa esteett\u00f6myytt\u00e4 verkkopalveluissa: se parantaa yhdenvertaisuutta ja tekee samalla verkkosis\u00e4ll\u00f6ist\u00e4 kaikille k\u00e4ytt\u00e4jille selke\u00e4mpi\u00e4. Julkaisualustalle kirjoittavien on hyv\u00e4 ottaa saavutettavuus huomioon, jotta blogin sis\u00e4lt\u00f6 olisi yhdenvertaisesti kaikkien k\u00e4ytett\u00e4viss\u00e4.<\/p>\n\n\n\n<p>Saavutettava teksti on selke\u00e4sti kirjoitettua ja j\u00e4sennelty\u00e4 ja huomioi kohdeyleis\u00f6ns\u00e4. Ohjeita hyv\u00e4\u00e4n tekstiin l\u00f6yd\u00e4t LAB Julkaisijan oppaasta. <a href=\"https:\/\/libguides.lut.fi\/LAB_julkaisijalle\/vinkit\" target=\"_blank\" rel=\"noreferrer noopener\">Linkki Julkaisijan Oppaan Vinkkej\u00e4 kirjoittajalle -v\u00e4lilehdelle<\/a>. T\u00e4lle sivulle on lis\u00e4ksi koottu muutamia erityisesti saavutettavuusn\u00e4k\u00f6kulmasta t\u00e4rkeit\u00e4 ohjeita.<\/p>\n\n\n\n<h2 class=\"wp-block-heading\">Yleiset ohjeet<\/h2>\n\n\n\n<ul class=\"wp-block-list\">\n<li>kirjoita selke\u00e4sti: selit\u00e4 erikoissanat ja kirjoita lyhenteet auki<\/li>\n\n\n\n<li>kerro t\u00e4rkein heti artikkelin alussa<\/li>\n\n\n\n<li>tee tekstist\u00e4 helposti silm\u00e4ilt\u00e4v\u00e4\u00e4 k\u00e4ytt\u00e4m\u00e4ll\u00e4 v\u00e4liotsikoita<\/li>\n\n\n\n<li>tee otsikoista kuvaavia: k\u00e4yt\u00e4 mieluiten lauseotsikoita ja laita t\u00e4rkein asia otsikon alkuun<\/li>\n\n\n\n<li>tarkista tekstin oikeinkirjoitus<\/li>\n\n\n\n<li>voit tarkistaa tekstin sujuvuuden lukemalla sen \u00e4\u00e4neen<\/li>\n<\/ul>\n\n\n\n<h2 class=\"wp-block-heading\">Kuvien k\u00e4ytt\u00f6<\/h2>\n\n\n\n<ul class=\"wp-block-list\">\n<li>kuvat ja infografiikka havainnollistavat tekstin sis\u00e4lt\u00f6\u00e4<\/li>\n\n\n\n<li>varmista, ett\u00e4 kuvien ja kaavioiden sis\u00e4lt\u00e4m\u00e4 informaatio on saatavissa my\u00f6s tekstin\u00e4: joko artikkelin leip\u00e4tekstiss\u00e4 tai kuvaan liitetyss\u00e4 alt-tekstiss\u00e4<\/li>\n<\/ul>\n\n\n\n<h2 class=\"wp-block-heading\">Kuvien vaihtoehtoiset tekstit eli alt-tekstit<\/h2>\n\n\n\n<p>Kuvien vaihtoehtoiset tekstit (ns. alt-teksti, alternative text) parantavat merkitt\u00e4v\u00e4sti verkkosis\u00e4lt\u00f6jen saavutettavuutta. Saavutettavuusdirektiivin vaatimuksissa edellytet\u00e4\u00e4n, ett\u00e4 kaikelle ei-tekstuaaliselle verkkosis\u00e4ll\u00f6lle tarjotaan tekstivastineet. Toisin sanoen kuvien, videoiden ja \u00e4\u00e4nen sis\u00e4lt\u00e4m\u00e4 tieto pit\u00e4\u00e4 verkossa esitt\u00e4\u00e4 my\u00f6s tekstin\u00e4.<\/p>\n\n\n\n<p>Kirjoittajat tuntevat itse aiheensa parhaiten, joten suosittelemme toimittamaan kuville valmiit alt-tekstit.<\/p>\n\n\n\n<ul class=\"wp-block-list\">\n<li>Vaihtoehtoinen teksti ei n\u00e4y valmiissa julkaisussa, mutta ruudunlukuohjelman k\u00e4ytt\u00e4j\u00e4 saa sen avulla tietoonsa kuvan sis\u00e4ll\u00f6n ja informaation.<\/li>\n\n\n\n<li>Hyv\u00e4 alt-teksti kuvailee lyhyesti mutta t\u00e4sm\u00e4llisesti kuvan sis\u00e4ll\u00f6n. Kuvien alt-tekstitys on t\u00e4rke\u00e4\u00e4 my\u00f6s hakukoneoptimoinnin n\u00e4k\u00f6kulmasta. Kuvausta ei tarvitse aloittaa sanoilla \u201dKuvassa on\u2026\u201d, sill\u00e4 ruudunlukuohjelma kertoo ennen alt-teksti\u00e4, ett\u00e4 kyseess\u00e4 on kuva.<\/li>\n\n\n\n<li>Infografiikka on hyv\u00e4 ja tehokas keino visualisoida tietoa. Saavutettavuuden n\u00e4k\u00f6kulmasta haasteena on infograafien sis\u00e4lt\u00e4m\u00e4 suuri tietom\u00e4\u00e4r\u00e4. Aloita kuvausteksti sanalla infograafi ja kuvaile lyhyesti infograafin aihetta ja keskeist\u00e4 sis\u00e4lt\u00f6\u00e4. Kerro my\u00f6s, ett\u00e4 infograafin sis\u00e4lt\u00f6 avataan tarkemmin artikkelin tekstiss\u00e4.<\/li>\n<\/ul>\n\n\n\n<p>Esimerkki alt-tekstist\u00e4: [Py\u00f6r\u00e4ilij\u00e4 polkee paksurenkaista maastopy\u00f6r\u00e4\u00e4 auringonpaisteessa lumisessa maastossa. Taustalla havupuita.]<\/p>\n\n\n\n<h2 class=\"wp-block-heading\">Linkkien k\u00e4ytt\u00f6<\/h2>\n\n\n\n<p>Tekstiin on mahdollista upottaa linkkej\u00e4 muihin verkkoaineistoihin. Saavutettavassa linkiss\u00e4 huomio tulee kiinnitt\u00e4\u00e4 erottuvaan ja kuvailevaan linkkitekstiin. Linkkiteksti on se teksti, jota klikkaamalla siirryt\u00e4\u00e4n tekstist\u00e4 linkin kohteeseen. Hyv\u00e4 linkkiteksti erottuu tekstimassasta ja kertoo k\u00e4ytt\u00e4j\u00e4lle, mihin linkki johtaa.<\/p>\n\n\n\n<ul class=\"wp-block-list\">\n<li>Kun linkki johtaa verkkosivulle, kerro linkkitekstiss\u00e4 verkkosivun otsikko: \u201dLinkki LAB Focus -blogin kirjoittajaohjeeseen\u201d<\/li>\n\n\n\n<li>Kun linkki johtaa tiedostoon, kerro tekstiss\u00e4 tiedoston nimi tai p\u00e4\u00e4otsikko ja tiedostotyyppi: \u201dVuosikertomus 2019, pdf\u201d<\/li>\n\n\n\n<li>Kun linkist\u00e4 siirryt\u00e4\u00e4n erikieliselle sivustolle, se kannattaa kertoa linkkitekstiss\u00e4 tai linkin yhteydess\u00e4: \u201dLinkki LAB Focus -blogin englanninkieliseen kirjoittajaohjeeseen\u201d.<\/li>\n<\/ul>\n\n\n\n<p>V\u00e4lt\u00e4 pelkkien verkko-osoitteiden (url) laittamista linkkitekstiksi. Se hankaloittaa lukemista ja ruudunlukuohjelmien k\u00e4ytt\u00f6\u00e4. V\u00e4lt\u00e4 my\u00f6s lyhyit\u00e4 tekstej\u00e4, kuten \u201dlue lis\u00e4\u00e4\u201d, jotka eiv\u00e4t tarpeeksi tarkasti kerro mihin linkki johtaa.<\/p>\n\n\n\n<h2 class=\"wp-block-heading\">Lis\u00e4ohjeita ja tietoa saavutettavuudesta<\/h2>\n\n\n\n<p>LAB Focuksen saavutettavuusohjeiden l\u00e4hteen\u00e4 on k\u00e4ytetty Celian sivuja <a href=\"https:\/\/www.celia.fi\/saavutettavuus\/\" target=\"_blank\" rel=\"noreferrer noopener\">Yleist\u00e4 tietoa saavutettavuudesta<\/a>, <a href=\"https:\/\/www.saavutettavasti.fi\/verkkosisaltojen-saavutettavuus\/selkeat-rakenteet\/\" target=\"_blank\" rel=\"noreferrer noopener\">Selke\u00e4t rakenteet<\/a> ja <a href=\"https:\/\/www.saavutettavasti.fi\/kuva-ja-aani\/kuvat\/\" target=\"_blank\" rel=\"noreferrer noopener\">Kuvien vaihtoehtoiset tekstit<\/a>.<\/p>\n\n\n\n<p>Saavutettavuusvaatimuksista voi lukea lis\u00e4\u00e4 Aluehallintoviraston <a href=\"https:\/\/www.saavutettavuusvaatimukset.fi\/\" target=\"_blank\" rel=\"noreferrer noopener\">Digi kuuluu kaikille!<\/a> -sivustolta.<\/p>\n","protected":false},"excerpt":{"rendered":"<p>Saavutettavuus&nbsp;tarkoittaa esteett\u00f6myytt\u00e4 verkkopalveluissa: se parantaa yhdenvertaisuutta ja tekee samalla verkkosis\u00e4ll\u00f6ist\u00e4 kaikille k\u00e4ytt\u00e4jille selke\u00e4mpi\u00e4. Julkaisualustalle kirjoittavien on hyv\u00e4 ottaa saavutettavuus huomioon, jotta blogin sis\u00e4lt\u00f6 olisi yhdenvertaisesti kaikkien k\u00e4ytett\u00e4viss\u00e4. Saavutettava teksti on selke\u00e4sti kirjoitettua ja j\u00e4sennelty\u00e4 ja huomioi kohdeyleis\u00f6ns\u00e4. Ohjeita hyv\u00e4\u00e4n tekstiin l\u00f6yd\u00e4t LAB Julkaisijan oppaasta. Linkki Julkaisijan Oppaan Vinkkej\u00e4 kirjoittajalle -v\u00e4lilehdelle. T\u00e4lle sivulle on lis\u00e4ksi koottu [&hellip;]<\/p>\n","protected":false},"author":19,"featured_media":0,"parent":0,"menu_order":0,"comment_status":"closed","ping_status":"closed","template":"","meta":{"footnotes":""},"class_list":["post-9479","page","type-page","status-publish","czr-hentry"],"yoast_head":"<!-- This site is optimized with the Yoast SEO plugin v27.4 - https:\/\/yoast.com\/product\/yoast-seo-wordpress\/ -->\n<title>Saavutettavuus - LAB Focus<\/title>\n<meta name=\"robots\" content=\"index, follow, max-snippet:-1, max-image-preview:large, max-video-preview:-1\" \/>\n<link rel=\"canonical\" href=\"https:\/\/blogit.lab.fi\/labfocus\/saavutettavuus\/\" \/>\n<meta property=\"og:locale\" content=\"fi_FI\" \/>\n<meta property=\"og:type\" content=\"article\" \/>\n<meta property=\"og:title\" content=\"Saavutettavuus - LAB Focus\" \/>\n<meta property=\"og:description\" content=\"Saavutettavuus&nbsp;tarkoittaa esteett\u00f6myytt\u00e4 verkkopalveluissa: se parantaa yhdenvertaisuutta ja tekee samalla verkkosis\u00e4ll\u00f6ist\u00e4 kaikille k\u00e4ytt\u00e4jille selke\u00e4mpi\u00e4. Julkaisualustalle kirjoittavien on hyv\u00e4 ottaa saavutettavuus huomioon, jotta blogin sis\u00e4lt\u00f6 olisi yhdenvertaisesti kaikkien k\u00e4ytett\u00e4viss\u00e4. Saavutettava teksti on selke\u00e4sti kirjoitettua ja j\u00e4sennelty\u00e4 ja huomioi kohdeyleis\u00f6ns\u00e4. Ohjeita hyv\u00e4\u00e4n tekstiin l\u00f6yd\u00e4t LAB Julkaisijan oppaasta. Linkki Julkaisijan Oppaan Vinkkej\u00e4 kirjoittajalle -v\u00e4lilehdelle. T\u00e4lle sivulle on lis\u00e4ksi koottu [&hellip;]\" \/>\n<meta property=\"og:url\" content=\"https:\/\/blogit.lab.fi\/labfocus\/saavutettavuus\/\" \/>\n<meta property=\"og:site_name\" content=\"LAB Focus\" \/>\n<meta property=\"article:modified_time\" content=\"2024-08-29T07:01:20+00:00\" \/>\n<meta name=\"twitter:card\" content=\"summary_large_image\" \/>\n<meta name=\"twitter:site\" content=\"@LABfinland\" \/>\n<meta name=\"twitter:label1\" content=\"Arvioitu lukuaika\" \/>\n\t<meta name=\"twitter:data1\" content=\"3 minuuttia\" \/>\n<script type=\"application\/ld+json\" class=\"yoast-schema-graph\">{\"@context\":\"https:\\\/\\\/schema.org\",\"@graph\":[{\"@type\":\"WebPage\",\"@id\":\"https:\\\/\\\/blogit.lab.fi\\\/labfocus\\\/saavutettavuus\\\/\",\"url\":\"https:\\\/\\\/blogit.lab.fi\\\/labfocus\\\/saavutettavuus\\\/\",\"name\":\"Saavutettavuus - LAB Focus\",\"isPartOf\":{\"@id\":\"https:\\\/\\\/blogit.lab.fi\\\/labfocus\\\/#website\"},\"datePublished\":\"2022-08-18T07:27:18+00:00\",\"dateModified\":\"2024-08-29T07:01:20+00:00\",\"breadcrumb\":{\"@id\":\"https:\\\/\\\/blogit.lab.fi\\\/labfocus\\\/saavutettavuus\\\/#breadcrumb\"},\"inLanguage\":\"fi\",\"potentialAction\":[{\"@type\":\"ReadAction\",\"target\":[\"https:\\\/\\\/blogit.lab.fi\\\/labfocus\\\/saavutettavuus\\\/\"]}]},{\"@type\":\"BreadcrumbList\",\"@id\":\"https:\\\/\\\/blogit.lab.fi\\\/labfocus\\\/saavutettavuus\\\/#breadcrumb\",\"itemListElement\":[{\"@type\":\"ListItem\",\"position\":1,\"name\":\"Home\",\"item\":\"https:\\\/\\\/blogit.lab.fi\\\/labfocus\\\/\"},{\"@type\":\"ListItem\",\"position\":2,\"name\":\"Saavutettavuus\"}]},{\"@type\":\"WebSite\",\"@id\":\"https:\\\/\\\/blogit.lab.fi\\\/labfocus\\\/#website\",\"url\":\"https:\\\/\\\/blogit.lab.fi\\\/labfocus\\\/\",\"name\":\"LAB Focus\",\"description\":\"Focus Area blog | LAB University of Applied Sciences\",\"publisher\":{\"@id\":\"https:\\\/\\\/blogit.lab.fi\\\/labfocus\\\/#organization\"},\"potentialAction\":[{\"@type\":\"SearchAction\",\"target\":{\"@type\":\"EntryPoint\",\"urlTemplate\":\"https:\\\/\\\/blogit.lab.fi\\\/labfocus\\\/?s={search_term_string}\"},\"query-input\":{\"@type\":\"PropertyValueSpecification\",\"valueRequired\":true,\"valueName\":\"search_term_string\"}}],\"inLanguage\":\"fi\"},{\"@type\":\"Organization\",\"@id\":\"https:\\\/\\\/blogit.lab.fi\\\/labfocus\\\/#organization\",\"name\":\"LAB Focus\",\"url\":\"https:\\\/\\\/blogit.lab.fi\\\/labfocus\\\/\",\"logo\":{\"@type\":\"ImageObject\",\"inLanguage\":\"fi\",\"@id\":\"https:\\\/\\\/blogit.lab.fi\\\/labfocus\\\/#\\\/schema\\\/logo\\\/image\\\/\",\"url\":\"https:\\\/\\\/blogit.lab.fi\\\/labfocus\\\/wp-content\\\/uploads\\\/sites\\\/8\\\/2020\\\/04\\\/cropped-cropped-tunnus_blogi-01.png\",\"contentUrl\":\"https:\\\/\\\/blogit.lab.fi\\\/labfocus\\\/wp-content\\\/uploads\\\/sites\\\/8\\\/2020\\\/04\\\/cropped-cropped-tunnus_blogi-01.png\",\"width\":1342,\"height\":288,\"caption\":\"LAB Focus\"},\"image\":{\"@id\":\"https:\\\/\\\/blogit.lab.fi\\\/labfocus\\\/#\\\/schema\\\/logo\\\/image\\\/\"},\"sameAs\":[\"https:\\\/\\\/x.com\\\/LABfinland\"]}]}<\/script>\n<!-- \/ Yoast SEO plugin. -->","yoast_head_json":{"title":"Saavutettavuus - LAB Focus","robots":{"index":"index","follow":"follow","max-snippet":"max-snippet:-1","max-image-preview":"max-image-preview:large","max-video-preview":"max-video-preview:-1"},"canonical":"https:\/\/blogit.lab.fi\/labfocus\/saavutettavuus\/","og_locale":"fi_FI","og_type":"article","og_title":"Saavutettavuus - LAB Focus","og_description":"Saavutettavuus&nbsp;tarkoittaa esteett\u00f6myytt\u00e4 verkkopalveluissa: se parantaa yhdenvertaisuutta ja tekee samalla verkkosis\u00e4ll\u00f6ist\u00e4 kaikille k\u00e4ytt\u00e4jille selke\u00e4mpi\u00e4. Julkaisualustalle kirjoittavien on hyv\u00e4 ottaa saavutettavuus huomioon, jotta blogin sis\u00e4lt\u00f6 olisi yhdenvertaisesti kaikkien k\u00e4ytett\u00e4viss\u00e4. Saavutettava teksti on selke\u00e4sti kirjoitettua ja j\u00e4sennelty\u00e4 ja huomioi kohdeyleis\u00f6ns\u00e4. Ohjeita hyv\u00e4\u00e4n tekstiin l\u00f6yd\u00e4t LAB Julkaisijan oppaasta. Linkki Julkaisijan Oppaan Vinkkej\u00e4 kirjoittajalle -v\u00e4lilehdelle. T\u00e4lle sivulle on lis\u00e4ksi koottu [&hellip;]","og_url":"https:\/\/blogit.lab.fi\/labfocus\/saavutettavuus\/","og_site_name":"LAB Focus","article_modified_time":"2024-08-29T07:01:20+00:00","twitter_card":"summary_large_image","twitter_site":"@LABfinland","twitter_misc":{"Arvioitu lukuaika":"3 minuuttia"},"schema":{"@context":"https:\/\/schema.org","@graph":[{"@type":"WebPage","@id":"https:\/\/blogit.lab.fi\/labfocus\/saavutettavuus\/","url":"https:\/\/blogit.lab.fi\/labfocus\/saavutettavuus\/","name":"Saavutettavuus - LAB Focus","isPartOf":{"@id":"https:\/\/blogit.lab.fi\/labfocus\/#website"},"datePublished":"2022-08-18T07:27:18+00:00","dateModified":"2024-08-29T07:01:20+00:00","breadcrumb":{"@id":"https:\/\/blogit.lab.fi\/labfocus\/saavutettavuus\/#breadcrumb"},"inLanguage":"fi","potentialAction":[{"@type":"ReadAction","target":["https:\/\/blogit.lab.fi\/labfocus\/saavutettavuus\/"]}]},{"@type":"BreadcrumbList","@id":"https:\/\/blogit.lab.fi\/labfocus\/saavutettavuus\/#breadcrumb","itemListElement":[{"@type":"ListItem","position":1,"name":"Home","item":"https:\/\/blogit.lab.fi\/labfocus\/"},{"@type":"ListItem","position":2,"name":"Saavutettavuus"}]},{"@type":"WebSite","@id":"https:\/\/blogit.lab.fi\/labfocus\/#website","url":"https:\/\/blogit.lab.fi\/labfocus\/","name":"LAB Focus","description":"Focus Area blog | LAB University of Applied Sciences","publisher":{"@id":"https:\/\/blogit.lab.fi\/labfocus\/#organization"},"potentialAction":[{"@type":"SearchAction","target":{"@type":"EntryPoint","urlTemplate":"https:\/\/blogit.lab.fi\/labfocus\/?s={search_term_string}"},"query-input":{"@type":"PropertyValueSpecification","valueRequired":true,"valueName":"search_term_string"}}],"inLanguage":"fi"},{"@type":"Organization","@id":"https:\/\/blogit.lab.fi\/labfocus\/#organization","name":"LAB Focus","url":"https:\/\/blogit.lab.fi\/labfocus\/","logo":{"@type":"ImageObject","inLanguage":"fi","@id":"https:\/\/blogit.lab.fi\/labfocus\/#\/schema\/logo\/image\/","url":"https:\/\/blogit.lab.fi\/labfocus\/wp-content\/uploads\/sites\/8\/2020\/04\/cropped-cropped-tunnus_blogi-01.png","contentUrl":"https:\/\/blogit.lab.fi\/labfocus\/wp-content\/uploads\/sites\/8\/2020\/04\/cropped-cropped-tunnus_blogi-01.png","width":1342,"height":288,"caption":"LAB Focus"},"image":{"@id":"https:\/\/blogit.lab.fi\/labfocus\/#\/schema\/logo\/image\/"},"sameAs":["https:\/\/x.com\/LABfinland"]}]}},"_links":{"self":[{"href":"https:\/\/blogit.lab.fi\/labfocus\/wp-json\/wp\/v2\/pages\/9479","targetHints":{"allow":["GET"]}}],"collection":[{"href":"https:\/\/blogit.lab.fi\/labfocus\/wp-json\/wp\/v2\/pages"}],"about":[{"href":"https:\/\/blogit.lab.fi\/labfocus\/wp-json\/wp\/v2\/types\/page"}],"author":[{"embeddable":true,"href":"https:\/\/blogit.lab.fi\/labfocus\/wp-json\/wp\/v2\/users\/19"}],"replies":[{"embeddable":true,"href":"https:\/\/blogit.lab.fi\/labfocus\/wp-json\/wp\/v2\/comments?post=9479"}],"version-history":[{"count":5,"href":"https:\/\/blogit.lab.fi\/labfocus\/wp-json\/wp\/v2\/pages\/9479\/revisions"}],"predecessor-version":[{"id":20502,"href":"https:\/\/blogit.lab.fi\/labfocus\/wp-json\/wp\/v2\/pages\/9479\/revisions\/20502"}],"wp:attachment":[{"href":"https:\/\/blogit.lab.fi\/labfocus\/wp-json\/wp\/v2\/media?parent=9479"}],"curies":[{"name":"wp","href":"https:\/\/api.w.org\/{rel}","templated":true}]}}