{"id":841,"date":"2013-01-18T11:02:12","date_gmt":"2013-01-18T11:02:12","guid":{"rendered":"http:\/\/blogit.lamk.fi\/ajoneuvomuotoilu\/?page_id=2"},"modified":"2023-07-13T02:38:16","modified_gmt":"2023-07-12T23:38:16","slug":"contact","status":"publish","type":"page","link":"https:\/\/blogit.lab.fi\/stancefinland\/contact\/","title":{"rendered":"Contact"},"content":{"rendered":"<p><strong>\/\/ Senior Lecturer<\/strong><\/p>\n<p>Sami Hyyryl\u00e4inen sami.hyyrylainen(a)lab.fi<\/p>\n<p>+358 (0) 44 7080226<\/p>\n<p><strong>\/\/ Senior Lecturer (former)<\/strong><\/p>\n<p>Lee Walton\u00a0<\/p>\n<p><strong>\/\/ Visiting Lecturers<\/strong><\/p>\n<p>Miika Heikkinen, Vehicle Designer, RCA,<\/p>\n<p>Jukka Rautiainen, Vehicle Designer, RCA<\/p>\n<p>Heikki Naulap\u00e4\u00e4, Vehicle Designer, RCA<\/p>\n<p>Jarno Lehtinen, Vehicle Designer, RCA<\/p>\n<p>Joonas Vartola, Vehicle Designer, RCA<\/p>\n<p>Lassi K\u00e4ikkonen, Designer\/Illustrator, BA<\/p>\n<p>Olli Sepp\u00e4l\u00e4, Intelligent Mobility Designer, RCA<\/p>\n<p>Tapani Jokinen,\u00a0CDO, VP Design at Circular Devices, PuzzlePhone<\/p>\n<p>Tapio Koisaari, Automotive Engineering, MSc<\/p>\n<p>Timo Suomala, Vehicle Designer, BA<\/p>\n<p>Sampo Kuikka, Project Engineer at Helsinki Metropolia University of Applied Sciences<\/p>\n<p>Ari Nurmikko, Clay Modeller<\/p>\n\n\n<p><\/p>\n","protected":false},"excerpt":{"rendered":"<p>\/\/ Senior Lecturer Sami Hyyryl\u00e4inen sami.hyyrylainen(a)lab.fi +358 (0) 44 7080226 \/\/ Senior Lecturer (former) Lee Walton\u00a0 \/\/ Visiting Lecturers Miika Heikkinen, Vehicle Designer, RCA, Jukka Rautiainen, Vehicle Designer, RCA Heikki Naulap\u00e4\u00e4, Vehicle Designer, RCA Jarno Lehtinen, Vehicle Designer, RCA Joonas Vartola, Vehicle Designer, RCA Lassi K\u00e4ikkonen, Designer\/Illustrator, BA Olli Sepp\u00e4l\u00e4, Intelligent Mobility Designer, RCA Tapani [&hellip;]<\/p>\n","protected":false},"author":5,"featured_media":0,"parent":0,"menu_order":3,"comment_status":"closed","ping_status":"open","template":"","meta":{"footnotes":""},"class_list":["post-841","page","type-page","status-publish","hentry"],"_links":{"self":[{"href":"https:\/\/blogit.lab.fi\/stancefinland\/wp-json\/wp\/v2\/pages\/841","targetHints":{"allow":["GET"]}}],"collection":[{"href":"https:\/\/blogit.lab.fi\/stancefinland\/wp-json\/wp\/v2\/pages"}],"about":[{"href":"https:\/\/blogit.lab.fi\/stancefinland\/wp-json\/wp\/v2\/types\/page"}],"author":[{"embeddable":true,"href":"https:\/\/blogit.lab.fi\/stancefinland\/wp-json\/wp\/v2\/users\/5"}],"replies":[{"embeddable":true,"href":"https:\/\/blogit.lab.fi\/stancefinland\/wp-json\/wp\/v2\/comments?post=841"}],"version-history":[{"count":8,"href":"https:\/\/blogit.lab.fi\/stancefinland\/wp-json\/wp\/v2\/pages\/841\/revisions"}],"predecessor-version":[{"id":1647,"href":"https:\/\/blogit.lab.fi\/stancefinland\/wp-json\/wp\/v2\/pages\/841\/revisions\/1647"}],"wp:attachment":[{"href":"https:\/\/blogit.lab.fi\/stancefinland\/wp-json\/wp\/v2\/media?parent=841"}],"curies":[{"name":"wp","href":"https:\/\/api.w.org\/{rel}","templated":true}]}}