{"id":37,"date":"2020-02-19T11:49:46","date_gmt":"2020-02-19T11:49:46","guid":{"rendered":"https:\/\/blogit.lab.fi\/sustainability\/?page_id=37"},"modified":"2020-02-28T08:58:33","modified_gmt":"2020-02-28T08:58:33","slug":"toimituskunta","status":"publish","type":"page","link":"https:\/\/blogit.lab.fi\/sustainability\/toimituskunta\/","title":{"rendered":"Toimituskunta"},"content":{"rendered":"\n<p>Sustainability-blogin toimituskuntaan kuuluvat seuraavat j\u00e4senet<\/p>\n\n\n\n<ul class=\"wp-block-list\"><li>Eeva Aarrevaara, TkT, Yliopettaja Teknologia, p\u00e4\u00e4toimittaja<\/li><li> Kirsti Cura, PhD, kehitt\u00e4misp\u00e4\u00e4llikk\u00f6 Teknologia <\/li><li>Ari Hautaniemi, YTM, kehitt\u00e4misp\u00e4\u00e4llikk\u00f6,  Teknologia <\/li><li>Erika Tapaninen, Insin\u00f6\u00f6ri AMK, Asiantuntija, Teknologia<\/li><li> Susanna Vanham\u00e4ki, YTM, TKI-p\u00e4\u00e4llikk\u00f6 Teknologia <\/li><li>Ria Gynther, toimitussihteeri<\/li><\/ul>\n","protected":false},"excerpt":{"rendered":"<p>Sustainability-blogin toimituskuntaan kuuluvat seuraavat j\u00e4senet Eeva Aarrevaara, TkT, Yliopettaja Teknologia, p\u00e4\u00e4toimittaja Kirsti Cura, PhD, kehitt\u00e4misp\u00e4\u00e4llikk\u00f6 Teknologia Ari Hautaniemi, YTM, kehitt\u00e4misp\u00e4\u00e4llikk\u00f6, Teknologia Erika Tapaninen, Insin\u00f6\u00f6ri AMK, Asiantuntija, Teknologia Susanna Vanham\u00e4ki, YTM, TKI-p\u00e4\u00e4llikk\u00f6 Teknologia Ria Gynther, toimitussihteeri<\/p>\n","protected":false},"author":6,"featured_media":0,"parent":0,"menu_order":0,"comment_status":"closed","ping_status":"closed","template":"","meta":{"footnotes":""},"class_list":["post-37","page","type-page","status-publish","czr-hentry"],"_links":{"self":[{"href":"https:\/\/blogit.lab.fi\/sustainability\/wp-json\/wp\/v2\/pages\/37","targetHints":{"allow":["GET"]}}],"collection":[{"href":"https:\/\/blogit.lab.fi\/sustainability\/wp-json\/wp\/v2\/pages"}],"about":[{"href":"https:\/\/blogit.lab.fi\/sustainability\/wp-json\/wp\/v2\/types\/page"}],"author":[{"embeddable":true,"href":"https:\/\/blogit.lab.fi\/sustainability\/wp-json\/wp\/v2\/users\/6"}],"replies":[{"embeddable":true,"href":"https:\/\/blogit.lab.fi\/sustainability\/wp-json\/wp\/v2\/comments?post=37"}],"version-history":[{"count":4,"href":"https:\/\/blogit.lab.fi\/sustainability\/wp-json\/wp\/v2\/pages\/37\/revisions"}],"predecessor-version":[{"id":204,"href":"https:\/\/blogit.lab.fi\/sustainability\/wp-json\/wp\/v2\/pages\/37\/revisions\/204"}],"wp:attachment":[{"href":"https:\/\/blogit.lab.fi\/sustainability\/wp-json\/wp\/v2\/media?parent=37"}],"curies":[{"name":"wp","href":"https:\/\/api.w.org\/{rel}","templated":true}]}}